{"id":2,"date":"2016-05-10T03:48:21","date_gmt":"2016-05-10T03:48:21","guid":{"rendered":"https:\/\/jf-aldeiavelha.pt\/proposta\/?page_id=2"},"modified":"2023-07-11T10:27:13","modified_gmt":"2023-07-11T09:27:13","slug":"sample-page","status":"publish","type":"page","link":"https:\/\/jf-aldeiavelha.pt\/?page_id=2","title":{"rendered":"In\u00edcio"},"content":{"rendered":"<p>A dinamiza\u00e7\u00e3o da p\u00e1gina da Internet da freguesia pretende ser um espa\u00e7o a que todos possam aceder, atrav\u00e9s do qual se deseja manter uma liga\u00e7\u00e3o permanente com todos, que queremos utilizar para informar e esclarecer, simplificando e disponibilizando processos que permitam uma melhor resposta aos problemas de todos e de cada um.<\/p>\n<p>Constitui, enfim, um espa\u00e7o que nos permita colocar toda a informa\u00e7\u00e3o da freguesia e no qual queremos e esperamos receber sugest\u00f5es, opini\u00f5es e propostas que contribuam para a melhoria a melhoria e engrandecimento da freguesia de Aldeia Velha e da sua popula\u00e7\u00e3o.<\/p>\n<p>Contamos com a sua disponibilidade e colabora\u00e7\u00e3o!<\/p>\n","protected":false},"excerpt":{"rendered":"<p>A dinamiza\u00e7\u00e3o da p\u00e1gina da Internet da freguesia pretende ser um espa\u00e7o a que todos possam aceder, atrav\u00e9s do qual se deseja manter uma liga\u00e7\u00e3o permanente com todos, que queremos utilizar para informar e esclarecer, simplificando e disponibilizando processos que permitam uma melhor resposta aos problemas de todos e de cada um. Constitui, enfim, um&#8230;<\/p>\n","protected":false},"author":1,"featured_media":0,"parent":0,"menu_order":0,"comment_status":"closed","ping_status":"open","template":"","meta":{"footnotes":""},"class_list":["post-2","page","type-page","status-publish","hentry"],"_links":{"self":[{"href":"https:\/\/jf-aldeiavelha.pt\/index.php?rest_route=\/wp\/v2\/pages\/2","targetHints":{"allow":["GET"]}}],"collection":[{"href":"https:\/\/jf-aldeiavelha.pt\/index.php?rest_route=\/wp\/v2\/pages"}],"about":[{"href":"https:\/\/jf-aldeiavelha.pt\/index.php?rest_route=\/wp\/v2\/types\/page"}],"author":[{"embeddable":true,"href":"https:\/\/jf-aldeiavelha.pt\/index.php?rest_route=\/wp\/v2\/users\/1"}],"replies":[{"embeddable":true,"href":"https:\/\/jf-aldeiavelha.pt\/index.php?rest_route=%2Fwp%2Fv2%2Fcomments&post=2"}],"version-history":[{"count":8,"href":"https:\/\/jf-aldeiavelha.pt\/index.php?rest_route=\/wp\/v2\/pages\/2\/revisions"}],"predecessor-version":[{"id":691,"href":"https:\/\/jf-aldeiavelha.pt\/index.php?rest_route=\/wp\/v2\/pages\/2\/revisions\/691"}],"wp:attachment":[{"href":"https:\/\/jf-aldeiavelha.pt\/index.php?rest_route=%2Fwp%2Fv2%2Fmedia&parent=2"}],"curies":[{"name":"wp","href":"https:\/\/api.w.org\/{rel}","templated":true}]}}